. Calculate f(c).
4
Let w(k) = k**2 - 7*k - 5. Suppose 13*f - 6*f = -28. Let x be (2/f)/(11/(-176)). Let t(j) = 3*j**2 - 20*j - 14. Let b(i) = x*w(i) - 3*t(i). Determine b(4).
2
Let d(c) = 6*c**3 - c + 2. Suppose 6*k = 2 + 4. Determine d(k).
7
Let a(r) be the third derivative of 0*r**5 - r**2 - 1/120*r**6 + 3/2*r**3 + 0*r**4 + 0 + 0*r. Let l be 0/145*(-1)/3. Determine a(l).
9
Let m = 161 + -161. Let x(w) = -w - 1. Calculate x(m).
-1
Let w = -8 + 11. Suppose w*k + 11 = 5. Let c(d) = 4*d + 1. Determine c(k).
-7
Let i(l) = 14*l - 445. Let s be i(32). Let f(y) = -y**3 + 3*y**2 - 3*y. What is f(s)?
-9
Let k(l) = -2*l. Suppose -2*t + 5*z + 46 = 0, -2*t + 17 = -4*z - 27. Let a be 1 - (-8)/6*t/12. Give k(a).
-6
Let k(m) = 12*m + 15. Let a(x) = 19*x + 24. Let d(o) = -5*a(o) + 8*k(o). What is d(-9)?
-9
Let t = 267 + -387. Let g = t + 113. Let q(v) = -3*v - 1. Determine q(g).
20
Let v be (-89 - -66) + 7/1. Let a(s) = s**3 + 17*s**2 + 17*s + 20. Determine a(v).
4
Let q(r) = r + 13. Let h be q(-8). Let f(d) = 4*d**3 + 7*d**2 + 3*d - 3. Let g(t) = 2*t**3 + 4*t**2 + 2*t - 2. Let l(u) = h*g(u) - 3*f(u). Give l(1).
-3
Let j(k) = 11*k**2 - 1. Suppose 4*d - o = 23, 3*d - 2*o - 16 = d. Let u(c) = -c**2 + 7*c - 6. Let q be u(d). Suppose 3 = -v, -q*v - 11 = 2*x - 1. Give j(x).
10
Let j(f) be the first derivative of f**4/4 + 2*f**3 - f**2/2 - 5*f - 52. Let b(c) = 3*c + 18. Let p be b(-8). What is j(p)?
1
Let p = 19 + -17. Let c(d) be the first derivative of -d**3 + d**2/2 + d + 9. Calculate c(p).
-9
Suppose 3*x + s - 6*s = 0, -x = -s. Let k(c) = -211*c + 7 + 106*c + 106*c. Determine k(x).
7
Let l(d) = -d**3 + 7*d**2 + d**2 - 5*d**2 + 7 + 7*d - 7*d**2 - 2*d**2. Calculate l(-6).
-35
Suppose 2*c = 3*c - u, 0 = -4*c - 3*u + 21. Let t(w) = 4*w. Give t(c).
12
Let s = 146 + -437/3. Let h(u) be the third derivative of -u**2 - s*u**3 + 5/24*u**4 + 0 + 0*u. What is h(2)?
8
Let l be (-35)/(-10) + (-3)/2. Let g be (22/(-33))/(l/6). Let q(a) = -a**3 - 2*a. Give q(g).
12
Let c(i) = -5*i**3 - 11*i**2 + 16*i + 13. Let f be c(-3). Let o(r) = -16*r - 4. Let p(d) = 31*d + 9. Let b(z) = -7*o(z) - 3*p(z). Determine b(f).
20
Let o(y) be the third derivative of -y**4/12 - 5*y**3 - 97*y**2. What is o(-11)?
-8
Let t = -211 + 208. Let f(o) = 2*o**2 + 3*o - 1. Give f(t).
8
Let d be (-1)/2 + 2/4. Suppose d = -2*c - 4. Let v(s) be the first derivative of s**4/2 + s**3 + s**2/2 - s + 393. Calculate v(c).
-7
Let d(g) = 10*g - 78. Let h(w) = 4*w - 27. Let s(x) = 4*d(x) - 11*h(x). Give s(-6).
9
Let p(w) = -w. Let v(o) = 5*o - 7. Let x(z) = 4*p(z) + v(z). Determine x(7).
0
Let t(j) = j**3 - 12*j**2 + j - 7. Let k be t(12). Let r = k - 1. Suppose -2*q - 16 = 4*n, n - 5 + 0 = r*q. Let o(x) = x**2 + 4*x + 2. Calculate o(n).
-1
Let b(c) be the third derivative of -c**6/120 + c**5/12 + c**4/8 - c**3/3 + 37*c**2. Calculate b(6).
-20
Let r(n) be the second derivative of 13*n**3/6 + 85*n. Determine r(2).
26
Let g(w) = -2*w**3 - 3*w**2 - 2*w + 2. Let h(m) = 4*m + 3. Let s be h(3). Suppose 0 = -s*p + 12*p + 66. Let z = 20 - p. Calculate g(z).
10
Let a(f) = f**3 + 2*f**2 + f + 4. Suppose 15*p - 12*p - 15 = 0. Suppose -3*m = 3*c + 21, 5*m = 2*m + c - p. Give a(m).
-8
Suppose -2*j + 6 = -8. Let p(k) = -k**3 + 8*k**2 - 5*k - 8. Let l be p(j). Let o(x) be the second derivative of x**3/6 - x**2 + 7*x. What is o(l)?
4
Suppose -8*g + 289 = 9*g. Let x(t) = -2*t + 34. Calculate x(g).
0
Let c(p) = p**2 - 3*p - 4. Suppose -2*s - 58 = -4*l, 0*s = 3*l - s - 41. Let r = l - 12. Suppose r = 4*o - 9*o + 20. Determine c(o).
0
Let n(h) = h**2 - 7*h + 7. Let o(v) = 112*v**2 + 4*v - 113*v**2 + 3*v. Let d be o(6). What is n(d)?
1
Let x(d) = -d**3 + d**2 - d - 1. Let m be x(-1). Suppose 600 = -m*z - 3*z. Let u be (-3)/(-2) + z/16. Let f(o) = o**3 + 7*o**2 + 7*o - 3. What is f(u)?
-9
Let k(t) = -9*t**2 - 5*t**3 - 5*t**2 + 5*t**2 + 6*t**3 - 18 + 11*t. Determine k(8).
6
Let q(v) = -4*v**2 - 534*v + 4*v**2 - 9 + 2*v**2 - v**2 + 541*v. Give q(-12).
51
Let b = -2 - -9. Suppose -b*w = 6 + 29. Let a(m) = 4*m + 7. Determine a(w).
-13
Let a(d) = -15*d - 442. Let j be a(-30). Let s(z) = 6*z - 47. Calculate s(j).
1
Let x be (6/(-15))/(1/15). Let l(y) = -5*y**2 + y + 1. Let c(p) = p**3 + 30*p**2 - 11*p - 2. Let n(j) = -c(j) - 5*l(j). Give n(x).
-3
Let w(v) = 264 + v - 264 - 53*v**2. What is w(1)?
-52
Let g(p) = 4*p**3 + 3*p**2 - p - 2. Suppose -3*t - f = 9, 0 = 2*f + 8 - 2. Give g(t).
-20
Let z(t) = t**3 - 5*t**2 - t - 10. Let c be 13/26*(7 - -3). Give z(c).
-15
Suppose -5*c + 408 = -b, 3*c - 5*b - 3 - 233 = 0. Suppose 0 = -c*n + 86*n + 4. Let q(h) = 3*h**3 + h**2 + h. Determine q(n).
-3
Let k be 3 + -1 + 1270/(-10). Let t = 120 + k. Let n(h) = h**2 - 2. Determine n(t).
23
Suppose -5*l + 9 = -11. Let y(n) = 0*n + l*n - 6*n**2 - 4*n**3 + 3*n**3 + 2*n**3 + 4. Let p be y(5). Let u(q) = 2*q**2 - q - 1. What is u(p)?
2
Suppose 2*x - s - 9 = 0, -s - 12 = -2*x - x. Let j(o) = -o + 5. Let m(b) = -6. Let g(h) = -3*j(h) - 2*m(h). Give g(x).
6
Let i(y) = -y**3 - 12*y**2 - 12*y - 7. Suppose 3*u = 3*p - 27, -11*u + 3*p - 16 = -9*u. Give i(u).
4
Let v(s) = -14*s**3 + s. Let h = 40 - 39. Let q be (-6)/(-4)*(4/6)/h. Determine v(q).
-13
Suppose -z + w = -0*w - 6, 4*w = 2*z - 20. Let g(h) = -2 + z + 74*h**2 - 73*h**2. Determine g(2).
4
Let u(a) = -a**3 - 4*a - 1. Let t(d) = -10*d**2 + 15*d - 9. Let x(h) = -t(h) - u(h). Calculate x(-11).
10
Let d(i) = -5. Let j(b) = b**2 + 2*b - 31. Let l(r) = -6*d(r) + j(r). Calculate l(-8).
47
Suppose 0 = 2*y - 4 + 10. Let p be (-1)/y + 22/6. Let f(d) = -d**3 + 4*d**2 - 2*d + 4. Determine f(p).
-4
Let z(w) = -w + 2. Let m(x) = -x + 3. Let q(d) = -4*m(d) + 3*z(d). Let n = 1557 + -1549. Calculate q(n).
2
Let u(d) = -14*d + 34. Let r be u(2). Let m(t) = -t**2 + 12*t - 6. Determine m(r).
30
Let b be (-1*62/(-7))/2 + (-32)/(-56). Let c(r) be the second derivative of -r**4/12 + 7*r**3/6 - 2*r**2 - r. Calculate c(b).
6
Suppose 5*o = -5*l - 7 + 2, -4*o = 3*l. Let f(x) = 2*x - 5. Let v be f(13). Suppose 2*s - v = -o*z, -s = -z + 5*z - 18. Let n(y) = y - 5. Determine n(s).
1
Let x(q) = -q**3 - q**2 - 1. Let i(f) = 5*f**3 + 9*f**2 - 8*f - 5. Let d(b) = i(b) + 4*x(b). What is d(-6)?
3
Let n(k) = -k**3 - 9*k**2 - 22*k - 2. Let o be n(-4). Let c(x) = -x**2 + 4*x + 3. Calculate c(o).
-9
Let m(q) = 2*q + 5*q**2 - 6*q**2 - 2*q**2 - q**3 + 7 - 8*q**2. Let v(d) = -d**3 + 25*d**2 - 65*d - 33. Let f be v(22). Determine m(f).
-15
Let v(k) = -45*k**2 + 31*k - 29. Let l(w) = 14*w**2 - 10*w + 9. Let a(f) = -13*l(f) - 4*v(f). Calculate a(4).
-9
Let p(d) = d**2 + 4*d - 7. Suppose 7*q - 13*q - 36 = 0. What is p(q)?
5
Let c(b) = 5*b - 2. Let s = 37 + -31. Suppose -5*z + 3*y + 0 = -s, 0 = -y + 3. Determine c(z).
13
Let y(h) = -4 + 1 + 0 + h**2 - 16*h + 21*h. Suppose 4*u + 12 = -8. Give y(u).
-3
Let j(l) = l**2 - 12*l + 7. Let h(b) = 10*b - 642. Let u be h(65). Calculate j(u).
-25
Let r = -129 + 126. Let g(c) = -2*c - 5. Give g(r).
1
Let f(r) = r**2 + 1. Let x be f(1). Let u(z) = -9*z**3 + 2*z**2 + z + 2. Let g(i) = -8*i**3 + 2*i**2 + 2*i + 3. Let o(n) = x*g(n) - 3*u(n). Determine o(1).
10
Let s(f) = -f**2 + f - 2. Let a(k) = -5*k**2 + 3*k - 7. Let q(r) = r**3 - r**2 - 9*r + 7. Let j be q(3). Let i(w) = j*a(w) + 9*s(w). What is i(-5)?
6
Let y(z) = -4*z**2 - 2 - 4*z**2 - 9*z**2 + 15*z**2 - 5*z. Suppose 2 = -4*v - 2*x, 0 = -4*v - 4*x + 3 + 5. Determine y(v).
-5
Let a(u) = -3*u - 2. Let h(g) = -1 + 1 - 4 - g + 3. Let f(d) = -2*a(d) + 7*h(d). Determine f(-2).
-1
Let i(w) = w**2 + 0*w**2 - 1 + 12670*w - 12668*w. What is i(-3)?
2
Let o(v) = 7*v**2 - 8*v - 10. Let c(d) = -15*d**2 + 15*d + 21. Let g(z) = 6*c(z) + 13*o(z). Calculate g(14).
-4
Let i(x) = -x**2 + 10*x - 22. Let u be (1/4)/(((-47)/(-28))/47). What is i(u)?
-1
Let g = 537 - 541. Let v(t) = 2*t - 2. Let h be v(4). Let w be h/(-4)*g/(-6). Let i(s) = -9*s**2 + s. Calculate i(w).
-10
Let z(o) = -7*o**2 - 2*o - o + 3*o**2 + 3 - 3*o**2. Let u(j) = 8*j**2 + 3*j - 4. Let w(g) = 4*u(g) + 5*z(g). Suppose -5*r + 0 = 10. Give w(r).
-7
Let v(w) = -5*w - 6. Suppose -x - 2 = 3. Let c(s) = -5*s - 5. Let k(o) = x*c(o) + 4*v(o). Suppose -4 = -11*z + 15*z. Determine k(z).
-4
Let n(y) = -y**3 - 7*y**2 - 6*y + 4. Let f = -296 + 290. What is n(f)?
4
Let n(v) = -11*v**3 + 10*v**2 + 18*v + 4. Let l(d) = 2*d**3 - d + 1. Let